. Let z(r) = -6*d(r) - 13*f(r). Give z(q).
-3
Let x(l) = -l**2 + 3*l - 6. Let z = 26 + -32. Let q be 3/z - (-18)/4. What is x(q)?
-10
Let s(c) = -c**3 - 10*c**2 + 10*c - 4. Let m be s(-11). Let u = m + 1. Suppose 0 = y - 5*y + u. Let h(o) = o**3 - 3*o**2 + 2*o + 2. What is h(y)?
2
Let z(l) be the third derivative of -1/120*l**6 + 0 + 0*l - l**2 - 1/30*l**5 + 1/8*l**4 - 1/2*l**3. What is z(-3)?
-3
Let c(d) be the third derivative of d**4/24 - d**3/3 + 154*d**2. Suppose 2*k - 2 = y - 4, 0 = -3*y + 6. Determine c(k).
-2
Let h be 4/(-22) + (-544)/(-88). Let f(z) = z - 3. Give f(h).
3
Suppose -4*w + 0 + 4 = 0. Let q(d) = 5*d**3 + d**2 - 2*d + 1. Let y be q(w). Let m(x) = 1 - 47*x + 46*x + 7. Calculate m(y).
3
Let n(m) = m**3 + 4*m**2 - 4*m + 1. Let b be (0/1 - 3)*2. Let t be (3/b + -2)*2. What is n(t)?
-4
Let b(t) be the first derivative of t - 2 + 1/2*t**2. Let l(p) = p**3 + 10*p**2 - 2*p - 15. Let s be l(-10). Calculate b(s).
6
Let v be 2/(-4)*-1*-2. Let f(l) = -3*l. Give f(v).
3
Suppose u + 1 = 0, -r + 25 = 3*r - 5*u. Let k(q) = 0*q - 4 + 7*q - q**2 + 3*q - 3*q. What is k(r)?
6
Let p(d) be the third derivative of -7/24*d**4 + d**3 + 0 + 0*d - d**2 + 1/60*d**5. Calculate p(6).
0
Let k(d) = d**3 + d**2 - 5. Suppose -3 + 3 = 5*i. Give k(i).
-5
Let f(n) = -7*n - 2. Let y(p) = -p - 1. Let b(t) = f(t) - 6*y(t). Let j(r) = -r**3 + 12*r**2. Let i be j(12). What is b(i)?
4
Let x(l) be the second derivative of 0 - 1/60*l**5 - l + 1/2*l**2 - 1/24*l**4 - 1/3*l**3. Let v(d) be the first derivative of x(d). What is v(0)?
-2
Let l(x) = x + 1. Suppose 13*b - 33 - 32 = 0. Calculate l(b).
6
Let v(a) be the first derivative of 2*a**3/3 + 3*a**2 + a - 1. Let c(w) = -w**3 + 5*w**2 - w + 1. Suppose -4*p = -0 - 20. Let j be c(p). Calculate v(j).
9
Let q(c) = -4*c**3 - 11*c**2 - 6*c + 3. Let a(s) = -s**3 - s**2 + 1. Let h(t) = -5*a(t) + q(t). What is h(7)?
5
Let f(v) = -v - 3. Suppose k - 1 = -5. Let p = 7 + k. Suppose 0 = p*h - 4*x + 35, -4*x = -h + 4*h - 5. What is f(h)?
2
Let k(r) = -1 + 5 - r**2 - 4*r - 3. Let h be k(-3). Suppose -12 = 2*c - 3*u, -4 = c - 2*u + h. Let l(j) = j**3 + j**2 - j + 8. What is l(c)?
8
Let x(l) be the second derivative of -1/24*l**4 + l + 0 - 1/60*l**5 + 0*l**3 + 1/2*l**2. Let b(v) be the first derivative of x(v). What is b(2)?
-6
Let b(i) = i**3 - i. Let p = -7 + 5. Let d(q) = 3*q**3 - 4*q**2 - 2*q + 1. Let x(y) = p*b(y) + d(y). Let s = 11 - 7. What is x(s)?
1
Suppose -y + 6 - 3 = 0. Suppose -3 = -4*w + 3*g + 4, 5*g = -2*w + 23. Let s(n) = 0*n + y*n - w + 0. What is s(3)?
5
Let x(o) = 0*o + 0*o - 3*o + 2*o. Let c(p) = 6*p + 1. Let i(y) = c(y) + 5*x(y). Let u(a) = a**2 - 9*a - 5. Let l(m) = 5*i(m) + u(m). What is l(5)?
5
Suppose -5*i - 2 = -3*q + 10, -i = -3*q. Let s(x) = -x - x + 2*x - 1 - 2*x. What is s(q)?
1
Let m(d) = d - 5. Let k be m(4). Let c be 1*(-2 - 0) - k. Let l(a) be the first derivative of 2*a**3/3 - a**2 - a + 1. Calculate l(c).
3
Suppose a + p + 16 - 6 = 0, -2*p = 8. Let g(s) = -s**3 - 7*s**2 - 9*s - 7. Calculate g(a).
11
Let q(f) = -5*f**2 + f. Suppose 4*h = g - 18, 4*g - 5*h + 0*h - 28 = 0. Suppose -g*z = 2*z + 8. Let o be (z + 1)*(2 + -1). What is q(o)?
-6
Let t(p) = p - 2. Let k be 152/36 - 2/9. Let i(z) = -7*z**3 - 1. Let q be i(-1). Suppose -5*j + q = -k*a, 2*j + 0 - 2 = 2*a. Calculate t(j).
0
Let c = 14 + -14. Let h be ((-4)/(-2))/(c - 1). Let t(m) = -2*m**3 - 2*m**2 + m + 1. What is t(h)?
7
Let g(z) = z**3 - 10*z**2 + 12*z - 4. Let d be g(9). Let t = d - 28. Let u(k) = 6*k + k**2 - 2 + 2. What is u(t)?
-5
Let o(w) be the third derivative of -w**4/8 - 4*w**2. Calculate o(-5).
15
Let y(s) = s**3 - s**2 - 2*s + 1. Suppose -3*t + 2 = 8. Let z(a) = a**3 + 3*a**2 + a. Let v be z(t). What is y(v)?
1
Let z(j) = -2*j**2 + 4*j - 4. Let y(x) = -x**2 + 2*x - 2. Let f(w) = 5*y(w) - 2*z(w). Calculate f(2).
-2
Let i(l) = l**3 - 8*l**2 + 5. Let z be i(8). Suppose -3 = z*b - 10*b + 2*v, -5*b = -5*v. Let f = b + 3. Let q(h) = 2*h - 2. Determine q(f).
6
Let b(w) = 5*w**3 - 3*w**2 + 5*w. Let k(y) = 8*y**3 - 4*y**2 + 7*y. Let t(o) = -7*b(o) + 5*k(o). What is t(1)?
6
Let d(x) = x. Let l = 10 + -5. Suppose 4*y = -y - l. Determine d(y).
-1
Let d(m) = 1 + m**2 + 3*m - 3 + 0. Let z be d(-4). Suppose -z + 1 = h. Let k(n) = -9*n**2 - n. Calculate k(h).
-8
Let y be (-2)/(-9) + 79/9. Let p = 18 - 16. Let v(l) = 4*l + y*l**2 - 3*l - 2*l**p. Determine v(1).
8
Let m(g) = 2*g + 0 - 2 + 0*g - 1. Determine m(-5).
-13
Suppose -4*b - b = 5*u - 60, -2*u + 10 = 0. Let w be (b - 6)*(-1)/1. Let g(x) = -6*x. What is g(w)?
6
Let c(b) be the third derivative of 1/2*b**3 + 1/12*b**4 + 0 + 0*b - 3*b**2. What is c(-3)?
-3
Let n(f) = 5*f**3 + f. Let d be -2 + 9*3/9. Give n(d).
6
Let v(u) = -u**3 + u**2 + u - 3. Let x(i) = -i + 6. Let b be x(4). Let p(t) = -2*t**3 + 2*t**2 + t - 4. Let g(f) = b*p(f) - 3*v(f). Calculate g(0).
1
Let a(x) = 7*x**3 - 8 + 3*x + 31*x**2 - 6*x**3 - 37*x**2. What is a(6)?
10
Suppose 0 = 4*l + 6 - 18. Let m = 0 + l. Let a(f) = 5*f - m - 4*f**2 + 3*f**2 + 2 - 2*f. Give a(3).
-1
Let x(f) = f**2 + 7*f - 2. Let i(t) = -4*t**2 - 4*t + 3. Let d be i(-2). Calculate x(d).
-12
Let k(a) = -12*a**3 + a**2 - 5*a - 2. Let b(d) = -35*d**3 + 3*d**2 - 14*d - 5. Let f(h) = -3*b(h) + 8*k(h). Determine f(1).
9
Let m(n) = -n**2 - 8*n - 7. Let c(j) = -j**3 - 9*j**2 - 8*j. Let f = -3 + -5. Let b be c(f). Suppose b = -w - 1 - 4. Give m(w).
8
Let d(x) = 0*x - 17*x - 2*x**2 + 24 - 13. Let p(s) = -s**2 - 8*s + 5. Suppose 4*u - w = -17, 3*u + 32 = -3*w + 8. Let v(h) = u*p(h) + 2*d(h). Calculate v(-5).
-8
Suppose -3*b + 16 = -7*b, 4*b = 2*p - 36. Let j(g) = 0*g**2 - p*g**2 - 25 + 0*g**2 + 2*g + 26. Calculate j(-1).
-11
Let r(n) = -n**3 - n + 2. Let i = 25 - 23. Give r(i).
-8
Let g(n) be the second derivative of -2*n + 0*n**4 + 0 + 1/40*n**5 - 1/6*n**3 + 0*n**2. Let y(t) be the second derivative of g(t). Calculate y(2).
6
Let n(d) = 3*d**2 - 8*d. Let r(l) = -l**2 + l. Let m(v) = n(v) + 2*r(v). Calculate m(5).
-5
Suppose -h - 12 = 4*r, 3*h - 15 = -2*h - 5*r. Suppose -h*z = -4*z + 20. Let f(d) = d - 6*d - 6 - d**2 - 3*d + d. Calculate f(z).
4
Let n(u) = u**2 + 5*u. Let m = 20 - 22. Let h(a) = -a**2 - 5*a - 1. Let i(b) = m*h(b) - 3*n(b). What is i(-6)?
-4
Let p be (15 - 9)/(4/10). Suppose l + 2*l = p. Let u(t) = -t + 6. What is u(l)?
1
Suppose 3*a - o = 10, 0 = -a + 3*a - 3*o + 5. Let f(p) = 2 + 2*p**3 - p**3 - 3*p - 5*p**2 + 2*p. What is f(a)?
-3
Let x(o) = o**3 - 4*o**2 + 4*o - 2. Let v(n) = -n - 1. Let m be v(-3). Give x(m).
-2
Let p(c) be the third derivative of c**4/12 - 7*c**3/6 + 7*c**2. Give p(5).
3
Let g(j) = -j**3 - 5*j**2 - 2*j + 1. Suppose -3*m = 12, -5*m - 7 = -5*t + 18. Let q be (-4)/(-10)*(t + -6). Calculate g(q).
-7
Suppose -3*u = -3*v, v + 4 = 3*u - 3*v. Let q be 0 - u - (5 - 4). Let o(a) = 5*a**2 + a**q - 9*a + 0 + 13*a + 2. Determine o(-2).
6
Let w(l) be the third derivative of -l**5/60 - l**4/6 - l**3/2 + 15*l**2. What is w(-4)?
-3
Let n(p) = -4 - 8*p - p - 7*p + 14*p. Calculate n(7).
-18
Suppose 0 = 2*w + 3*y - 17, -5*y + 4*y = -5*w + 17. Let v(f) = 2*f**2 - 5*f - w*f**2 + 0*f**2 - f. Calculate v(-4).
-8
Let c be -1 - 2/2 - (-2 - -1). Let d(f) = 8*f**2 + 9*f + 7. Let k(w) = -12*w**2 - 14*w - 11. Let n(r) = -8*d(r) - 5*k(r). Give n(c).
-3
Let b be 2 + 0*(-3)/6. Let u(o) = b*o**3 + 9*o**2 - 3*o**3 - o - 13*o**2. Give u(-3).
-6
Let m(f) = 4*f**3 - f**2 + 2*f. Let a(g) = g**3 + g**2 + g - 1. Let d(y) = 3*a(y) - m(y). Calculate d(3).
9
Let x(k) = 5*k**2 - 16*k + 4. Let h(g) = -11*g**2 + 34*g - 9. Let l(b) = -4*h(b) - 9*x(b). Calculate l(6).
12
Let j(u) be the second derivative of 0 + 2/3*u**3 - 1/12*u**4 + 3/2*u**2 + 4*u. Calculate j(5).
-2
Let l be 28/5 + (-4)/(-10). Suppose l = 4*p - 2*p. Let c(w) = 0 + 2*w + 0*w - p. What is c(3)?
3
Let y(b) = -b**3 - b**2 + b + 6. Suppose 0 = m + 3*m - 4. Suppose -5*r = 5*f - 15, 0 = -5*f + 7*r - 3*r - 30. Let u be m*(f + 2)/(-3). Calculate y(u).
6
Let a(b) = b**3 + 1. Let c(r) = -7*r**3 - 3*r**2 - 2*r - 9. Let j(k) = -6*a(k) - c(k). Calculate j(-3).
-3
Let k(t) = -62*t**2 + 128*t**2 + 3 - 62*t**2 + t**3. Suppose f + 4*f = -20. What is k(f)?
3
Let g(n) be the first derivative of -7/2*n**2 + 2/3*n**3 + 2 + 4*n. What is g(4)?
8
Let m be (1 - 1)*1/2. Let f(d) = m + 3*d**2 + 0*d**2 - d + 1. Give f(1).
3
Let x(f) = -f*